 u = 1046 - 201. Suppose 6*z = -737 + u. Calculate the greatest common factor of z and 261.
9
Let c be (-9 - 546)*1*-1*3/3. Calculate the greatest common divisor of 480 and c.
15
Let f(b) = -4*b**3 + 118*b**2 - 54*b - 59. Let z be f(29). Calculate the highest common divisor of 7467 and z.
57
Let l(w) = 10*w + 1. Suppose -5*f + 5 = -5. Let i be l(f). Suppose -4 = -16*j + 220. Calculate the highest common divisor of i and j.
7
Suppose -8*g + 1095 = 7*g. Suppose -2*b + 211 = t + 130, 2*t - 126 = 5*b. Calculate the highest common factor of g and t.
73
Suppose -4*x + l + 2*l + 336 = 0, -2*l - 336 = -4*x. Let t = 183 - x. What is the greatest common factor of t and 33?
33
Suppose 5*f - 9 = -3*o, -3*o - 3*f + 14 - 5 = 0. Suppose -o*m = 17 - 53. Let h be (225/m)/(2/8). What is the greatest common factor of 30 and h?
15
Let o be (1/(-3))/(-8 - (-142)/18). Suppose -b + 5 = 0, -4*s + b = -o*s - 112. Calculate the highest common divisor of 13 and s.
13
Suppose 59 - 290 = -7*y. Suppose -2*m + y = -91. Suppose 41*q - 19*q = 682. Calculate the highest common divisor of q and m.
31
Let f(s) = -179*s + 4656. Let w be f(26). What is the greatest common divisor of w and 5534?
2
Suppose 2*h - 4*j - 1952 = 0, -16*j + 19*j + 2922 = 3*h. Calculate the greatest common divisor of 48 and h.
12
Let y(l) = -8*l - 28. Let u be y(4). Let i = u + 96. Calculate the greatest common divisor of i and 264.
12
Let m be -46 + 46 - 1/(2/676). Let o = m - -362. What is the highest common divisor of o and 48?
24
Suppose -1 = j, 750*o - 753*o + 4*j = -298. Calculate the greatest common factor of o and 490.
98
Suppose 0 = -77*g + 705 + 412 + 1193. Suppose 3*f - 66 = 3*z, -25 - 16 = -2*f + 3*z. Calculate the highest common factor of g and f.
5
Let w be 60 + (-7 - 96/(-15))*-5. Let k be 5/10*4*21. Calculate the highest common divisor of k and w.
21
Let k be (-193 - -2)/(-1) - 2*70/(-28). What is the greatest common divisor of 84 and k?
28
Let x(f) = 28*f - 180. Let r be x(7). What is the highest common factor of 188 and r?
4
Let y(x) = -2*x**2 - 17*x + 13. Let i be y(-9). Let b be ((-144)/(-20))/(i/(-30)). Let n = b - -63. Calculate the highest common divisor of 18 and n.
9
Let t = -6243 + 6306. Calculate the highest common divisor of t and 234.
9
Suppose -2*p = 2*p - 312. Let w = 3998 - 3946. What is the greatest common factor of p and w?
26
Let h(q) = -5*q**3 - q**2 - 4*q + 969. Let o be h(0). Calculate the greatest common factor of o and 102.
51
Let z(s) = s**3 + 14*s**2 + 1. Suppose 0 = -r - r - 28. Let i be z(r). Let d be (1 - 1)/i + (81 - -4). Calculate the greatest common divisor of d and 17.
17
Let r be 793/(-26)*2*-68. Calculate the highest common factor of 366 and r.
122
Let h = -3619 + 17219. What is the greatest common factor of 25 and h?
25
Let q be 0 + 1 + 69*-1. Let i = 49 - q. Let g(w) = 2*w**2 + 1147*w - 5772. Let y be g(5). Calculate the highest common factor of i and y.
13
Suppose 0*r - 14*r + 14 = 0. Let n(i) = 206*i**3 - i**2 - i + 1. Let t be n(r). Let x = -27 + 68. What is the highest common factor of t and x?
41
Let a(o) = -2*o**2 + 23*o - 11. Let v be a(8). Let p = v - 29. Calculate the greatest common divisor of p and 184.
8
Let q(f) be the first derivative of 1/2*f**2 - 36 + 24*f. Let b be q(4). Calculate the highest common divisor of 14 and b.
14
Let w = 12285 - 7211. What is the highest common factor of w and 59?
59
Let t be (6/21 - 2)/((-12)/42). Suppose t*h = -230 + 758. What is the greatest common factor of 16 and h?
8
Let d = -297 + 286. Let f be 1122/8 + (d/(-4) - 3). Calculate the highest common divisor of f and 4.
4
Suppose 84*t + 2738 = 85*t + 4*l, l - 5420 = -2*t. Calculate the highest common divisor of 484 and t.
22
Suppose 49 = 2*d - 3*u, 0 = 4*d + u - 41 - 36. Calculate the greatest common divisor of d and 3860.
20
Let v = 8389 + -8069. Calculate the greatest common factor of 29120 and v.
320
Let v be 4/2 + 0 + 29. Suppose 2*q - 915 = -97. Let o = -161 + q. Calculate the greatest common divisor of o and v.
31
Let f(k) be the second derivative of -2*k**3/3 - 6*k**2 + 1406*k. Let z be -2 + 1 + (-3 - 0). Let d be f(z). What is the greatest common factor of d and 28?
4
Suppose -34 = -5*f - 4*r, 2*f - 4 = 5*r + 3. Suppose -6*s + f = -3*s. Suppose -25 = -s*m + 1. What is the greatest common divisor of m and 65?
13
Suppose 5*w - 2*u = 9*w - 128, 4*u = 5*w - 199. Calculate the highest common divisor of 15 and w.
5
Let l(u) = -u**3 - 27*u**2 - 50*u + 140. Let i be l(-25). Let o be 2510/45 - (-4)/18. What is the greatest common divisor of o and i?
28
Let r = 1722 + -1630. Calculate the highest common divisor of 230 and r.
46
Suppose 7*t + 615 = 10*t. Suppose 81*x = 76*x - t. Let b = -38 - x. Calculate the highest common factor of 2 and b.
1
Let o = 11128 + -9894. Calculate the greatest common divisor of o and 2.
2
Let w(n) = 500*n**2 - 71*n + 457. Let c be w(7). What is the highest common divisor of c and 20?
20
Suppose 269 = 2*l - n, -4*l + 6*n - n + 523 = 0. Let d = l + -130. What is the highest common factor of d and 133?
7
Suppose 0 = -39*s + 40*s - 99. Let o be ((-42)/(-5))/(s/4455). What is the highest common divisor of o and 108?
54
Let s = 2 + -2. Let q be (-4)/(1/(-13 - s)). Let o be (-38)/(-7) - 60/42. Calculate the highest common factor of q and o.
4
Let h be ((-57)/(-2))/(62/20 - 3). Calculate the greatest common divisor of 60 and h.
15
Suppose 5*i + 1 = 26. Suppose 4*o - 16 = -2*n, -11 - 39 = -i*o + 5*n. Let f be (o + -1)*(16 + -5). What is the greatest common factor of 22 and f?
11
Suppose 5*l - 8 = -3*w, 6*l + 2 = 3*l + 5*w. Let m = l - 1. Suppose y = -m*y + 144. Calculate the greatest common factor of y and 18.
18
Let m(u) = u**3 - 20*u**2 + 105*u - 20. Let y be m(10). What is the greatest common divisor of 11820 and y?
30
Suppose 6*s = 842 - 212. Suppose -4*j = 4*w + 76, 3*j = 5*w + s - 34. Let x be -16*((-44)/w + -4). Calculate the highest common divisor of x and 8.
4
Let o = 41 + -39. Let z(q) = -1 + o - 198*q + 193*q + 2. Let k be z(0). Calculate the highest common divisor of k and 21.
3
Let d = -2622 - -2882. What is the greatest common factor of d and 286?
26
Let f be 157 + 35/7 - 1. Let s = 194 - f. What is the highest common divisor of s and 3?
3
Let d = -174 + 123. Let b = -13734 - -13692. Let u = b - d. What is the highest common factor of 72 and u?
9
Let n = 313 - 306. Let f(o) = 4*o**2 - 13*o + 142. Let k be f(n). What is the greatest common divisor of k and 39?
13
Suppose 22*n - 8860 - 497 = 8815. Calculate the highest common factor of n and 4366.
118
Suppose -13*y - 5*w + 46 = -10*y, -72 = -4*y + 4*w. Calculate the greatest common divisor of 4063 and y.
17
Let i be (15 + 0)/(17/102). Suppose -5*t + i = -5*l - 0*l, 3*t = -3*l + 30. Calculate the highest common divisor of t and 154.
14
Suppose 5*x - 1503 = -w + 437, -20*x - w + 7745 = 0. What is the highest common divisor of 1849 and x?
43
Let l(j) = 37*j + 2. Let t be l(6). Let i = -147 + t. Let a be (0 + 2)*i/1. Calculate the highest common factor of a and 14.
14
Let l(t) = -1394*t + 28447. Let y be l(20). Let w be (-1 - -1) + 20 + 1. Calculate the greatest common factor of w and y.
21
Let q = -1957 - -3658. Suppose 0 = 7*v - q + 77. What is the highest common divisor of 87 and v?
29
Suppose -28*o - l = -27*o - 34, 0 = -5*o + 5*l + 120. Let f be (-2 + 60)*(-15)/(-6). Calculate the greatest common factor of o and f.
29
Let k = -4426 - -4517. Calculate the greatest common divisor of k and 533.
13
Suppose -447*q + 13743 = -29169. Let g = -5 + 11. Calculate the greatest common factor of g and q.
6
Let u = 9210 + -9173. Suppose -3*y + 2*a + 2 = -3, 0 = a - 5. Suppose 0*b + 2*b = -3*c + 163, 380 = y*b + 2*c. Calculate the greatest common factor of b and u.
37
Let t(c) = 18*c**2 + 24*c - 61. Let x be t(6). Calculate the greatest common factor of x and 68.
17
Let m be (139/5)/((-12)/(-60)). Suppose m = 3*v - 290. Let x = -124 + v. What is the greatest common factor of x and 19?
19
Suppose 0 = -153*n + 113049 - 21555. What is the greatest common factor of n and 207?
23
Suppose 0 = 4*z + z + 570. Let x = 29 - z. Let d be 6/8 + (-343)/(-28). Calculate the greatest common divisor of d and x.
13
Suppose 0*i - 24*i + 14112 = 0. Suppose 26*j - 1078 = 4*j. What is the greatest common divi